5) + (38 - (13 + -25 + 49))
-30
Evaluate (12 - (0 - 1)) + (54 - (74 - 13)) + -9.
-3
What is the value of (-47 - -64) + (25 - 8)?
34
(-217 - -140) + 111 + (-71 - 0)
-37
Calculate 2 + (26 - 2) + -11 - -7.
22
What is the value of -15 - (7 + -21 - (4 + -11 - 5))?
-13
What is the value of -90 + (111 - 66) - -68?
23
What is the value of 31 + -65 - ((9 - (8 + 12)) + -3)?
-20
Evaluate -14 + (23 + (-11 - 14) - -15).
-1
73 + -209 + 70 - -57
-9
What is the value of (464 - 245) + -220 + (1 + 1 - (0 + 33))?
-32
Evaluate (-50 + 89 - 4) + 10.
45
What is the value of -35 + 20 + 20 + -42?
-37
(-989 - -988) + -3 + 3 + -17
-18
Calculate (-1 - (-13 + 1)) + -7 - 0.
4
What is the value of (-6 - -1) + 4 - (4 - -5)?
-10
What is -55 + (54 - 67 - -22)?
-46
Evaluate 21 + 0 - (39 + -36).
18
What is the value of -14 + 2 - (-3 - -60 - 59)?
-10
What is the value of -51 + -81 + 82 + (2 - -3 - -2)?
-43
What is the value of -13 + (7 - (8 + -8 + 0) - 0) + 74?
68
-120 - 18 - -139 - (-2 - -7)
-4
What is 17 + -32 - (15 - -3)?
-33
What is -19 + (13 + -2 - 20) - (-16 - -10)?
-22
Evaluate (15 - -2 - (-5 + 13)) + (-4 - (-1 + 46)).
-40
Evaluate 59 + -7 + 0 + 1 + 28 + -12 + -6.
63
Evaluate 7 + (-6 - (6 + (-12 - 3))) - 9.
1
-44 - (10 - 1 - (-5 - -25))
-33
Evaluate (3 + -22 - 23) + 78 + -52.
-16
What is (-211 - -1) + (2396 - 2265)?
-79
Calculate (-11 - (10 - (20 - -11))) + -7 - -139.
142
Calculate -39 + 13 + -2 + -150 + 146.
-32
What is the value of 37 + 4 - (56 + -38 + -33)?
56
What is the value of -21 + -1 + 6 + (63 - 14)?
33
-16 - (-6 + 1 + -1) - (-2 + 32)
-40
What is the value of -2 + 0 + -1 + (1876 - 1888)?
-15
Calculate -29 - -4 - (-1 + -9 + (8 - 7) + 2).
-18
What is 46 + (-39 - (-42 - -67))?
-18
What is 67 - (87 + -50 + 36)?
-6
Calculate 108 - 158 - (0 - 21).
-29
Evaluate 4 - (-5 - (6 + -4)) - (-783 - -753).
41
What is (-66 + -24 - -125) + -111?
-76
What is the value of -8 + 28 + -30 + (0 - 39)?
-49
-18 + 41 + -32 + (0 - 19) + (-4 - 0)
-32
Calculate (-417 - -229) + 220 - (1 - -11).
20
What is -2 + 3 + -2 + -3 - (181 - 172)?
-13
(54 - (-60 - -39)) + -20 + -3 + 7
59
-87 + (-44 - -68 - 8)
-71
Calculate 74 + 52 + -75 + (-4 - -10) + -3 + -4.
50
Evaluate -29 + (136 + 35 - -3 - 38).
107
Calculate (-31 - -13) + 21 + (16 - 10 - -5).
14
Calculate -18 - -38 - -6 - 9.
17
Evaluate 4 + (-23 - 6 - 7 - -38).
6
What is the value of -5 + 9 + -9 - ((4 + 0 - 0) + 8)?
-17
What is -5 - (0 + -2) - (-16 + (2 - -1 - 0))?
10
What is (-112 - -74) + 77 + -143?
-104
(-42 - -56 - 20) + 15
9
Evaluate -2 + 2 - (107 + -1) - ((-346 - -38) + 311).
-109
Calculate 91 - 11 - (6 - -1).
73
What is the value of -58 + -7 + 3 + (-91 - -117 - (1 + 17))?
-54
Evaluate -8 + (47 - 78 - -7) - (3 + 8).
-43
What is -11 - (4 + -6 - (10 - (-11 - -20)) - -9)?
-17
Evaluate (1 - -96) + 1842 + -1888.
51
Calculate (-47 + 37 - 2) + 5 + 2 + 7.
2
Evaluate (59 - (1 - -3)) + (3 + -8 - (-16 + 19)).
47
What is 43 + -1 + 19 + -21 + 76 + -61?
55
2 + 94 + (41 - 61)
76
Evaluate (-28 + 37 - (50 + -37)) + (-9 - (1 + -2)).
-12
What is -2 + 39 + (137 - (153 + -19))?
40
Calculate -33 + 91 + (-28 - 34).
-4
What is -5 + -13 - -3 - (-49 + -4)?
38
-4 + 18 + -10 + 10 + 29
43
Evaluate -1 - 88 - (278 + -267 + (9 - 5 - 8)).
-96
Evaluate 5 - ((12 - 0) + -14 - -2 - (8 + 4)).
17
What is -12 + -1 + (12 - (60 - 27)) - 5?
-39
Calculate -11 - (-9 + (-2 - 1 - -13)) - -25.
13
What is the value of (-4 - 1 - -3) + -181 + 198 + -1 + 4?
18
What is -193 + -85 + 114 - -59?
-105
What is (-3 - 7) + (-4 - -18) + (4 - -40)?
48
Calculate 120 + 4 + 677 + -741.
60
What is -33 - -1 - (9 - 8 - (8 - 1 - 15))?
-41
What is the value of 55 + (-39 + 22 - (-16 - -18)) + 22?
58
What is the value of 28 + 10 + 4 + -13 + (13 - 3) + 0?
39
What is the value of 5 - (40 - (-26 - (8 - (-8 + 33))))?
-44
Calculate -1 - 3 - (2 + -34 - -36).
-8
-12 - (-485 - -502 - (0 + 11))
-18
What is -39 + (163 - (50 - -76))?
-2
What is the value of (-2955 - -2833) + -1 + 52?
-71
(-1 - 42) + 16 - (-8 - 29)
10
What is the value of 25 + -14 + -18 + 9 + -4 - (1 - -50)?
-53
What is the value of (26 - ((-8 - (-11 - 7) - 11) + 12)) + -1?
14
Evaluate (-14 - (26 - 35)) + (37 - -1) + -1.
32
What is -36 - (-1 + 0) - (-13 - (-17 + (20 - 18)))?
-37
Evaluate (-1 - ((7 - 16) + 0) - -6) + -89.
-75
What is -2 + (-97 - 48) - -190?
43
-2441 + 2386 + (64 - -1)
10
Evaluate 102 + -104 + (-19 - 5).
-26
What is the value of (38 - (148 - 23)) + 2 - -22?
-63
-46 - (-88 + (48 - -3))
-9
Evaluate -11 + (14 - (-25 + 11 + 0 + -43)).
60
Calculate -15 - (-3 - (-1 + 2)) - (-31 - (43 - 41)).
22
Calculate -11 + 80 + (-44 - 0).
25
62 + -32 + -39 + 1 + 4 + 54
50
-3 - (25 - (-11 + 15) - 55)
31
-4 - (0 + -1) - (-9 - (-6 - -12 - -4))
16
Calculate -113 - -98 - -34 - 76.
-57
What is the value of 139 + -192 + 5 + (2 - 1) + -4 + -2?
-53
What is the value of (-45 - 1) + -8 + 5 + (-4 - -4)?
-49
What is 26 - (9 + (-5 - 2) + -19 + 25 + -12)?
30
Calculate (55 - 68) + 3 + 6 + 48 - 4.
40
Evaluate -6 + -2 + 0 - (56 - (220 - 58 - -29)).
127
44 + (7 - 43) - 32
-24
Calculate (2 - -7) + (45 - (-11 - -53)).
12
Evaluate -70 + 3 + -35 + 59 + -14.
-57
Evaluate 43 + -122 + -28 + 121.
14
Evaluate (-1195 - -1271) + 0 + -33.
43
Evaluate (-25 - 29 - -42) + 70.
58
Calculate (-2 - 42 - -42) + -3 + 29.
24
Calculate 54 - (-20 - -74) - (63 - (-5 - (-6 - -5))).
-67
-125 - (16 + (134 - 200))
-75
Calculate 92 - (-2 + 1) - (-3329 + 3358).
64
What is the value of (12 + -21 + -3 - -15) + -22?
-19
What is 143 + (18 - (-107 + 201))?
67
What is (4 - 8) + 2 - (19 + (22 - -2))?
-45
85 + (11 - (27 - -4 - 4))
69
Evaluate -63 + (-279 - -285 - (1 - 10)).
-48
Calculate -23 + 1 + 3 + 86 + -32.
35
Evaluate -19 - (1156 - 1159 - (-6 + -1 - -1)).
-22
Calculate -17 - (-9 + 13 + -3 + -5 + 32).
-45
Calculate -118 + -6 - (-25 - 28 - -33).
-104
Evaluate (-2 - -1) + (-87 - -125) - -8.
45
1 + -9 + 1 + -82 + (-15 - (-15 - -4))
-93
What is 40 + -8 + -64 + -34 + 21?
-45
Calculate -61 - (-114 + 50 + 15) - -160.
148
What is the value of 3 + 6 + -9 + -13 + -3 + 1 + 9?
-6
What is the value of -73 + 3 + 1 + -2 - ((-30 - -118) + -77)?
-82
What is (15 - -26) + -3 + 16?
54
Evaluate 4 + -2 + (-44 - 28) + -61 + 56.
-75
33 - (36 + (-4 - 38))
39
Calculate -68 - 14 - -78 - (-6 - (2 + -3)).
1
((7 - 2) + 25 - 28) + -5
-3
Evaluate -66 - (44 - (118 - 73)).
-65
Evaluate -7 - (-8 + (17 + 6 + -10 - (-2 - 97))).
-111
Evaluate (-49 - -53 - (-49 + 1)) + -16 + 35 + -16.
55
What is the value of -4 + (-6 + 6 - 17) - (864 - 868)?
-17
What is the value of 143 - (117 - 92 - -99)?
19
Evaluate (-24 + 57 - 107) + 23.
-51
What is the value of 9 - ((-4 - (-3 + -10)) + (-20 - 35 - 15))?
70
What is the value of 89 + (-12 - -40) + -99?
18
What is -166 - (-2 + (-55 - 48))?
-61
Calculate (21 + -8 - 22) + 9 + 0 + -12.
-12
Evaluate 26 + (-5 - 2 - 1 - (-115 + 100)).
33
Calculate (144 + -82 + (1 - -2) - (-9 - -4)) + -11.
59
(12 - (13 - 24)) + -42 - -70
51
70 + -45 + 43 + -5 + -47
16
Evaluate 6 - ((175 - 178) + 1 + 3).
5
Calculate 27 + (-3 - (-41 - (-23 - 6))).
36
-2 + -1 + -5 - (39 - (-23 + -3)) - -6
-67
What is -2 + (9 + 3 + 8 - 11) + -4?
3
3 - 12 - (27 + -26 + 20 + -103) - -6
79
Calculate -48 - ((-72 - -18) + -9 + 37).
-22
Evaluate 9 + (18 - 7) + (1 + -29 - 4).
-12
What is 49 + 152 + -294 - (-1 + 42)?
-134
Calculate -21 - (43 + (-22 - 40) + -1 + -71).
70
What is -36 - ((12 - 25 - 56) + -32)?
65
What is the value of -9 + -6 - (20 + 81 + 10 - 17)?
-109
Calculate 33 + -8 + 2 + -26 + 85.
86
(-13 + -15 + 0 - -18) + (0 - 97) - 13
-120
Evaluate 6 + -4 + -35 + -14.
-47
Calculate -81 + (1 + -1 + (-62 - -49) - (128 + -154)).
-68
Calculate (75 - 30) + -13 + (6 - -6) + 7 + 0.
51
72 + 0 - ((135 - 101) + -20)
58
Evaluate 20 - (36 - (-49 + 40)).
-25
Calculate 25 + (60 - 159 - -14).
-60
(-22 - -8) + 24 + (-4 + 1 + -46 - 2)
-41
Evaluate -73 + (88 - (22 + 72)).
-79
What is 8 - (-47 + 47 + 35)?
-27
Calculate -1 + -62 + -14 + -3 + 22.
-58
(-1 - 17) + (25 + -30 - -5) + -39
-57
Calculate 60 - 12 - (-46 + 32 + 26).
36
What is 1 - ((-1 - 98) + 183 + -172) - -8?
97
What is the value of 106 + (11 - ((7 - 32) + 67))?
75
What is (-17 - -26 - (-3 - 0)) + (-16 + 10 - -14)?
20
(-71 - -358 - 278) + 41 + (1 - 1)
50
Calculate -1 - (-13 + 28 + -5 - 8 - 104).
101
What is the value of -23 + -26 + (64 - 40)?
-25
What is -13 + (14 - -30) - (8 - (2 + 0))?
25
Evaluate -5 + -45 - -9 - -7 - 13 